{"id":11,"date":"2024-08-12T22:35:22","date_gmt":"2024-08-12T22:35:22","guid":{"rendered":"https:\/\/bydr.cl\/ingenieria-construccion\/index.php\/about\/"},"modified":"2024-10-31T20:26:19","modified_gmt":"2024-10-31T20:26:19","slug":"nosotros","status":"publish","type":"page","link":"https:\/\/bydr.cl\/ingenieria-construccion\/nosotros\/","title":{"rendered":"Nosotros"},"content":{"rendered":"\n<div class=\"wp-block-uagb-container uagb-block-ddbe5c65 alignfull uagb-is-root-container\"><div class=\"uagb-container-inner-blocks-wrap\">\n<div class=\"wp-block-uagb-advanced-heading uagb-block-fa4e7c56\"><h1 class=\"uagb-heading-text\">Nosotros<\/h1><p class=\"uagb-desc-text\">Burboa y Del R\u00edo Ingenier\u00eda y Construcci\u00f3n SpA <strong>\u00a1Construimos Tu Futuro con Excelencia y Dedicaci\u00f3n!<\/strong><\/p><\/div>\n<\/div><\/div>\n\n\n\n<div class=\"wp-block-uagb-container uagb-block-f4853f72 alignfull uagb-is-root-container\"><div class=\"uagb-container-inner-blocks-wrap\">\n<div class=\"wp-block-uagb-image uagb-block-066e3443 wp-block-uagb-image--layout-default wp-block-uagb-image--effect-static wp-block-uagb-image--align-none\"><figure class=\"wp-block-uagb-image__figure\"><img decoding=\"async\" srcset=\"https:\/\/bydr.cl\/ingenieria-construccion\/wp-content\/uploads\/2024\/08\/remodelacion-1-construccion-oficina-burboa-del-rio.jpg ,https:\/\/bydr.cl\/ingenieria-construccion\/wp-content\/uploads\/2024\/08\/remodelacion-1-construccion-oficina-burboa-del-rio.jpg 780w, https:\/\/bydr.cl\/ingenieria-construccion\/wp-content\/uploads\/2024\/08\/remodelacion-1-construccion-oficina-burboa-del-rio.jpg 360w\" sizes=\"auto, (max-width: 480px) 150px\" src=\"https:\/\/bydr.cl\/ingenieria-construccion\/wp-content\/uploads\/2024\/08\/remodelacion-1-construccion-oficina-burboa-del-rio.jpg\" alt=\"\" class=\"uag-image-619\" width=\"560\" height=\"440\" title=\"remodelacion-1-construccion-oficina-burboa-del-rio\" loading=\"lazy\" role=\"img\"\/><\/figure><\/div>\n\n\n\n<div class=\"wp-block-uagb-container uagb-block-959de5be\">\n<div class=\"wp-block-uagb-advanced-heading uagb-block-a679106e\"><h2 class=\"uagb-heading-text\">Dise\u00f1o Personalizado y Planificaci\u00f3n Detallada<\/h2><p class=\"uagb-desc-text\"><strong>En Burboa y Del R\u00edo Ingenier\u00eda y Construcci\u00f3n<\/strong>, sabemos que tanto las oficinas como los locales comerciales son mucho m\u00e1s que simples espacios; son una extensi\u00f3n directa de la identidad de tu empresa. Un dise\u00f1o de oficina bien concebido puede no solo aumentar la productividad y mejorar el entorno laboral, sino tambi\u00e9n capturar y transmitir los valores de tu marca. De igual forma, un local comercial atractivo y bien estructurado es esencial para atraer y fidelizar clientes, destac\u00e1ndote en un entorno competitivo.<\/p><\/div>\n<\/div>\n<\/div><\/div>\n\n\n\n<div class=\"wp-block-uagb-container uagb-layout-grid uagb-block-395f69b9 alignfull uagb-is-root-container\"><div class=\"uagb-container-inner-blocks-wrap\">\n<div class=\"wp-block-uagb-advanced-heading uagb-block-992e1d53\"><h3 class=\"uagb-heading-text\">Nuestra Misi\u00f3n\u200b<\/h3><p class=\"uagb-desc-text\">Prestar un servicio <strong>PROFESIONAL, ASESORANDO Y ACOMPA\u00d1ANDO<\/strong> a nuestros clientes durante todo el proceso de construcci\u00f3n, <strong>TRABAJANDO SIEMPRE EN BASE A SU PRESUPUESTO.<\/strong><\/p><\/div>\n<\/div><\/div>\n\n\n\n<div class=\"wp-block-uagb-container uagb-block-724ccc2b alignfull uagb-is-root-container\"><div class=\"uagb-container-inner-blocks-wrap\">\n<div class=\"wp-block-uagb-image uagb-block-37d975e3 wp-block-uagb-image--layout-default wp-block-uagb-image--effect-static wp-block-uagb-image--align-none\"><figure class=\"wp-block-uagb-image__figure\"><img decoding=\"async\" srcset=\"https:\/\/bydr.cl\/ingenieria-construccion\/wp-content\/uploads\/2024\/08\/Covarrubias-1-remodelacion-casas-burboa-del-rio-1.jpeg ,https:\/\/bydr.cl\/ingenieria-construccion\/wp-content\/uploads\/2024\/08\/Covarrubias-1-remodelacion-casas-burboa-del-rio-1.jpeg 780w, https:\/\/bydr.cl\/ingenieria-construccion\/wp-content\/uploads\/2024\/08\/Covarrubias-1-remodelacion-casas-burboa-del-rio-1.jpeg 360w\" sizes=\"auto, (max-width: 480px) 150px\" src=\"https:\/\/bydr.cl\/ingenieria-construccion\/wp-content\/uploads\/2024\/08\/Covarrubias-1-remodelacion-casas-burboa-del-rio-1.jpeg\" alt=\"\" class=\"uag-image-666\" width=\"700\" height=\"500\" title=\"Covarrubias-1-remodelacion-casas-burboa-del-rio\" loading=\"lazy\" role=\"img\"\/><\/figure><\/div>\n\n\n\n<div class=\"wp-block-uagb-info-box uagb-block-a96fc425 uagb-infobox__content-wrap  uagb-infobox-icon-above-title uagb-infobox-image-valign-top\"><div class=\"uagb-ifb-content\"><div class=\"uagb-ifb-title-wrap\"><h2 class=\"uagb-ifb-title\">\u00bfQuieres renovar o construir tu hogar u oficina o darle un nuevo aire?<\/h2><\/div><div class=\"uagb-ifb-button-wrapper wp-block-button\"><a href=\"https:\/\/bydr.cl\/ingenieria-construccion\/contacto\/\" class=\"uagb-infobox-cta-link wp-block-button__link\" target=\"_self\" rel=\"noopener noreferrer\" onclick=\"return true;\"><span class=\"uagb-inline-editing\">Cont\u00e1ctanos<\/span><svg xmlns=\"https:\/\/www.w3.org\/2000\/svg\" viewBox=\"0 0 448 512\"><path d=\"M438.6 278.6l-160 160C272.4 444.9 264.2 448 256 448s-16.38-3.125-22.62-9.375c-12.5-12.5-12.5-32.75 0-45.25L338.8 288H32C14.33 288 .0016 273.7 .0016 256S14.33 224 32 224h306.8l-105.4-105.4c-12.5-12.5-12.5-32.75 0-45.25s32.75-12.5 45.25 0l160 160C451.1 245.9 451.1 266.1 438.6 278.6z\"><\/path><\/svg><\/a><\/div><\/div><\/div>\n<\/div><\/div>\n\n\n\n<p><\/p>\n","protected":false},"excerpt":{"rendered":"<p>Nosotros Burboa y Del R\u00edo Ingenier\u00eda y Construcci\u00f3n SpA \u00a1Construimos Tu Futuro con Excelencia y Dedicaci\u00f3n! Dise\u00f1o Personalizado y Planificaci\u00f3n Detallada En Burboa y Del R\u00edo Ingenier\u00eda y Construcci\u00f3n, sabemos que tanto las oficinas como los locales comerciales son mucho m\u00e1s que simples espacios; son una extensi\u00f3n directa de la identidad de tu empresa. Un [&hellip;]<\/p>\n","protected":false},"author":1,"featured_media":0,"parent":0,"menu_order":0,"comment_status":"closed","ping_status":"closed","template":"","meta":{"_uag_custom_page_level_css":"","site-sidebar-layout":"no-sidebar","site-content-layout":"plain-container","ast-site-content-layout":"normal-width-container","site-content-style":"unboxed","site-sidebar-style":"unboxed","ast-global-header-display":"","ast-banner-title-visibility":"","ast-main-header-display":"","ast-hfb-above-header-display":"","ast-hfb-below-header-display":"","ast-hfb-mobile-header-display":"","site-post-title":"disabled","ast-breadcrumbs-content":"","ast-featured-img":"","footer-sml-layout":"","theme-transparent-header-meta":"enabled","adv-header-id-meta":"","stick-header-meta":"","header-above-stick-meta":"","header-main-stick-meta":"","header-below-stick-meta":"","astra-migrate-meta-layouts":"set","ast-page-background-enabled":"default","ast-page-background-meta":{"desktop":{"background-color":"var(--ast-global-color-4)","background-image":"","background-repeat":"repeat","background-position":"center center","background-size":"auto","background-attachment":"scroll","background-type":"","background-media":"","overlay-type":"","overlay-color":"","overlay-opacity":"","overlay-gradient":""},"tablet":{"background-color":"","background-image":"","background-repeat":"repeat","background-position":"center center","background-size":"auto","background-attachment":"scroll","background-type":"","background-media":"","overlay-type":"","overlay-color":"","overlay-opacity":"","overlay-gradient":""},"mobile":{"background-color":"","background-image":"","background-repeat":"repeat","background-position":"center center","background-size":"auto","background-attachment":"scroll","background-type":"","background-media":"","overlay-type":"","overlay-color":"","overlay-opacity":"","overlay-gradient":""}},"ast-content-background-meta":{"desktop":{"background-color":"var(--ast-global-color-5)","background-image":"","background-repeat":"repeat","background-position":"center center","background-size":"auto","background-attachment":"scroll","background-type":"","background-media":"","overlay-type":"","overlay-color":"","overlay-opacity":"","overlay-gradient":""},"tablet":{"background-color":"var(--ast-global-color-5)","background-image":"","background-repeat":"repeat","background-position":"center center","background-size":"auto","background-attachment":"scroll","background-type":"","background-media":"","overlay-type":"","overlay-color":"","overlay-opacity":"","overlay-gradient":""},"mobile":{"background-color":"var(--ast-global-color-5)","background-image":"","background-repeat":"repeat","background-position":"center center","background-size":"auto","background-attachment":"scroll","background-type":"","background-media":"","overlay-type":"","overlay-color":"","overlay-opacity":"","overlay-gradient":""}},"footnotes":""},"class_list":["post-11","page","type-page","status-publish","hentry"],"yoast_head":"<!-- This site is optimized with the Yoast SEO plugin v27.3 - https:\/\/yoast.com\/product\/yoast-seo-wordpress\/ -->\n<title>Nosotros - Burboa &amp; Del R\u00edo Ingenier\u00eda y Construcci\u00f3n SpA<\/title>\n<meta name=\"description\" content=\"En Burboa y Del R\u00edo Ingenier\u00eda y Construcci\u00f3n, nos especializamos en construcci\u00f3n y remodelaci\u00f3n de viviendas, oficinas y locales comerciales. Comprometidos con la excelencia, brindamos servicios integrales y soluciones personalizadas.\" \/>\n<meta name=\"robots\" content=\"index, follow, max-snippet:-1, max-image-preview:large, max-video-preview:-1\" \/>\n<link rel=\"canonical\" href=\"https:\/\/bydr.cl\/ingenieria-construccion\/nosotros\/\" \/>\n<meta property=\"og:locale\" content=\"es_ES\" \/>\n<meta property=\"og:type\" content=\"article\" \/>\n<meta property=\"og:title\" content=\"Nosotros - Burboa &amp; Del R\u00edo Ingenier\u00eda y Construcci\u00f3n SpA\" \/>\n<meta property=\"og:description\" content=\"En Burboa y Del R\u00edo Ingenier\u00eda y Construcci\u00f3n, nos especializamos en construcci\u00f3n y remodelaci\u00f3n de viviendas, oficinas y locales comerciales. Comprometidos con la excelencia, brindamos servicios integrales y soluciones personalizadas.\" \/>\n<meta property=\"og:url\" content=\"https:\/\/bydr.cl\/ingenieria-construccion\/nosotros\/\" \/>\n<meta property=\"og:site_name\" content=\"Burboa &amp; Del R\u00edo Ingenier\u00eda y Construcci\u00f3n SpA\" \/>\n<meta property=\"article:modified_time\" content=\"2024-10-31T20:26:19+00:00\" \/>\n<meta property=\"og:image\" content=\"https:\/\/bydr.cl\/ingenieria-construccion\/wp-content\/uploads\/2024\/08\/remodelacion-1-construccion-oficina-burboa-del-rio.jpg\" \/>\n<meta name=\"twitter:card\" content=\"summary_large_image\" \/>\n<meta name=\"twitter:label1\" content=\"Tiempo de lectura\" \/>\n\t<meta name=\"twitter:data1\" content=\"2 minutos\" \/>\n<script type=\"application\/ld+json\" class=\"yoast-schema-graph\">{\"@context\":\"https:\\\/\\\/schema.org\",\"@graph\":[{\"@type\":\"WebPage\",\"@id\":\"https:\\\/\\\/bydr.cl\\\/ingenieria-construccion\\\/nosotros\\\/\",\"url\":\"https:\\\/\\\/bydr.cl\\\/ingenieria-construccion\\\/nosotros\\\/\",\"name\":\"Nosotros - Burboa &amp; Del R\u00edo Ingenier\u00eda y Construcci\u00f3n SpA\",\"isPartOf\":{\"@id\":\"https:\\\/\\\/bydr.cl\\\/ingenieria-construccion\\\/#website\"},\"primaryImageOfPage\":{\"@id\":\"https:\\\/\\\/bydr.cl\\\/ingenieria-construccion\\\/nosotros\\\/#primaryimage\"},\"image\":{\"@id\":\"https:\\\/\\\/bydr.cl\\\/ingenieria-construccion\\\/nosotros\\\/#primaryimage\"},\"thumbnailUrl\":\"https:\\\/\\\/bydr.cl\\\/ingenieria-construccion\\\/wp-content\\\/uploads\\\/2024\\\/08\\\/remodelacion-1-construccion-oficina-burboa-del-rio.jpg\",\"datePublished\":\"2024-08-12T22:35:22+00:00\",\"dateModified\":\"2024-10-31T20:26:19+00:00\",\"description\":\"En Burboa y Del R\u00edo Ingenier\u00eda y Construcci\u00f3n, nos especializamos en construcci\u00f3n y remodelaci\u00f3n de viviendas, oficinas y locales comerciales. Comprometidos con la excelencia, brindamos servicios integrales y soluciones personalizadas.\",\"breadcrumb\":{\"@id\":\"https:\\\/\\\/bydr.cl\\\/ingenieria-construccion\\\/nosotros\\\/#breadcrumb\"},\"inLanguage\":\"es\",\"potentialAction\":[{\"@type\":\"ReadAction\",\"target\":[\"https:\\\/\\\/bydr.cl\\\/ingenieria-construccion\\\/nosotros\\\/\"]}]},{\"@type\":\"ImageObject\",\"inLanguage\":\"es\",\"@id\":\"https:\\\/\\\/bydr.cl\\\/ingenieria-construccion\\\/nosotros\\\/#primaryimage\",\"url\":\"https:\\\/\\\/bydr.cl\\\/ingenieria-construccion\\\/wp-content\\\/uploads\\\/2024\\\/08\\\/remodelacion-1-construccion-oficina-burboa-del-rio.jpg\",\"contentUrl\":\"https:\\\/\\\/bydr.cl\\\/ingenieria-construccion\\\/wp-content\\\/uploads\\\/2024\\\/08\\\/remodelacion-1-construccion-oficina-burboa-del-rio.jpg\",\"width\":700,\"height\":500},{\"@type\":\"BreadcrumbList\",\"@id\":\"https:\\\/\\\/bydr.cl\\\/ingenieria-construccion\\\/nosotros\\\/#breadcrumb\",\"itemListElement\":[{\"@type\":\"ListItem\",\"position\":1,\"name\":\"Portada\",\"item\":\"https:\\\/\\\/bydr.cl\\\/ingenieria-construccion\\\/\"},{\"@type\":\"ListItem\",\"position\":2,\"name\":\"Nosotros\"}]},{\"@type\":\"WebSite\",\"@id\":\"https:\\\/\\\/bydr.cl\\\/ingenieria-construccion\\\/#website\",\"url\":\"https:\\\/\\\/bydr.cl\\\/ingenieria-construccion\\\/\",\"name\":\"Burboa & Del R\u00edo Ingenier\u00eda y Construcci\u00f3n SpA\",\"description\":\"\",\"publisher\":{\"@id\":\"https:\\\/\\\/bydr.cl\\\/ingenieria-construccion\\\/#organization\"},\"potentialAction\":[{\"@type\":\"SearchAction\",\"target\":{\"@type\":\"EntryPoint\",\"urlTemplate\":\"https:\\\/\\\/bydr.cl\\\/ingenieria-construccion\\\/?s={search_term_string}\"},\"query-input\":{\"@type\":\"PropertyValueSpecification\",\"valueRequired\":true,\"valueName\":\"search_term_string\"}}],\"inLanguage\":\"es\"},{\"@type\":\"Organization\",\"@id\":\"https:\\\/\\\/bydr.cl\\\/ingenieria-construccion\\\/#organization\",\"name\":\"Burboa & Del R\u00edo Ingenier\u00eda y Construcci\u00f3n SpA\",\"url\":\"https:\\\/\\\/bydr.cl\\\/ingenieria-construccion\\\/\",\"logo\":{\"@type\":\"ImageObject\",\"inLanguage\":\"es\",\"@id\":\"https:\\\/\\\/bydr.cl\\\/ingenieria-construccion\\\/#\\\/schema\\\/logo\\\/image\\\/\",\"url\":\"https:\\\/\\\/bydr.cl\\\/ingenieria-construccion\\\/wp-content\\\/uploads\\\/2024\\\/08\\\/burboaydelrio-logotipo.png\",\"contentUrl\":\"https:\\\/\\\/bydr.cl\\\/ingenieria-construccion\\\/wp-content\\\/uploads\\\/2024\\\/08\\\/burboaydelrio-logotipo.png\",\"width\":700,\"height\":271,\"caption\":\"Burboa & Del R\u00edo Ingenier\u00eda y Construcci\u00f3n SpA\"},\"image\":{\"@id\":\"https:\\\/\\\/bydr.cl\\\/ingenieria-construccion\\\/#\\\/schema\\\/logo\\\/image\\\/\"}}]}<\/script>\n<!-- \/ Yoast SEO plugin. -->","yoast_head_json":{"title":"Nosotros - Burboa &amp; Del R\u00edo Ingenier\u00eda y Construcci\u00f3n SpA","description":"En Burboa y Del R\u00edo Ingenier\u00eda y Construcci\u00f3n, nos especializamos en construcci\u00f3n y remodelaci\u00f3n de viviendas, oficinas y locales comerciales. Comprometidos con la excelencia, brindamos servicios integrales y soluciones personalizadas.","robots":{"index":"index","follow":"follow","max-snippet":"max-snippet:-1","max-image-preview":"max-image-preview:large","max-video-preview":"max-video-preview:-1"},"canonical":"https:\/\/bydr.cl\/ingenieria-construccion\/nosotros\/","og_locale":"es_ES","og_type":"article","og_title":"Nosotros - Burboa &amp; Del R\u00edo Ingenier\u00eda y Construcci\u00f3n SpA","og_description":"En Burboa y Del R\u00edo Ingenier\u00eda y Construcci\u00f3n, nos especializamos en construcci\u00f3n y remodelaci\u00f3n de viviendas, oficinas y locales comerciales. Comprometidos con la excelencia, brindamos servicios integrales y soluciones personalizadas.","og_url":"https:\/\/bydr.cl\/ingenieria-construccion\/nosotros\/","og_site_name":"Burboa &amp; Del R\u00edo Ingenier\u00eda y Construcci\u00f3n SpA","article_modified_time":"2024-10-31T20:26:19+00:00","og_image":[{"url":"https:\/\/bydr.cl\/ingenieria-construccion\/wp-content\/uploads\/2024\/08\/remodelacion-1-construccion-oficina-burboa-del-rio.jpg","type":"","width":"","height":""}],"twitter_card":"summary_large_image","twitter_misc":{"Tiempo de lectura":"2 minutos"},"schema":{"@context":"https:\/\/schema.org","@graph":[{"@type":"WebPage","@id":"https:\/\/bydr.cl\/ingenieria-construccion\/nosotros\/","url":"https:\/\/bydr.cl\/ingenieria-construccion\/nosotros\/","name":"Nosotros - Burboa &amp; Del R\u00edo Ingenier\u00eda y Construcci\u00f3n SpA","isPartOf":{"@id":"https:\/\/bydr.cl\/ingenieria-construccion\/#website"},"primaryImageOfPage":{"@id":"https:\/\/bydr.cl\/ingenieria-construccion\/nosotros\/#primaryimage"},"image":{"@id":"https:\/\/bydr.cl\/ingenieria-construccion\/nosotros\/#primaryimage"},"thumbnailUrl":"https:\/\/bydr.cl\/ingenieria-construccion\/wp-content\/uploads\/2024\/08\/remodelacion-1-construccion-oficina-burboa-del-rio.jpg","datePublished":"2024-08-12T22:35:22+00:00","dateModified":"2024-10-31T20:26:19+00:00","description":"En Burboa y Del R\u00edo Ingenier\u00eda y Construcci\u00f3n, nos especializamos en construcci\u00f3n y remodelaci\u00f3n de viviendas, oficinas y locales comerciales. Comprometidos con la excelencia, brindamos servicios integrales y soluciones personalizadas.","breadcrumb":{"@id":"https:\/\/bydr.cl\/ingenieria-construccion\/nosotros\/#breadcrumb"},"inLanguage":"es","potentialAction":[{"@type":"ReadAction","target":["https:\/\/bydr.cl\/ingenieria-construccion\/nosotros\/"]}]},{"@type":"ImageObject","inLanguage":"es","@id":"https:\/\/bydr.cl\/ingenieria-construccion\/nosotros\/#primaryimage","url":"https:\/\/bydr.cl\/ingenieria-construccion\/wp-content\/uploads\/2024\/08\/remodelacion-1-construccion-oficina-burboa-del-rio.jpg","contentUrl":"https:\/\/bydr.cl\/ingenieria-construccion\/wp-content\/uploads\/2024\/08\/remodelacion-1-construccion-oficina-burboa-del-rio.jpg","width":700,"height":500},{"@type":"BreadcrumbList","@id":"https:\/\/bydr.cl\/ingenieria-construccion\/nosotros\/#breadcrumb","itemListElement":[{"@type":"ListItem","position":1,"name":"Portada","item":"https:\/\/bydr.cl\/ingenieria-construccion\/"},{"@type":"ListItem","position":2,"name":"Nosotros"}]},{"@type":"WebSite","@id":"https:\/\/bydr.cl\/ingenieria-construccion\/#website","url":"https:\/\/bydr.cl\/ingenieria-construccion\/","name":"Burboa & Del R\u00edo Ingenier\u00eda y Construcci\u00f3n SpA","description":"","publisher":{"@id":"https:\/\/bydr.cl\/ingenieria-construccion\/#organization"},"potentialAction":[{"@type":"SearchAction","target":{"@type":"EntryPoint","urlTemplate":"https:\/\/bydr.cl\/ingenieria-construccion\/?s={search_term_string}"},"query-input":{"@type":"PropertyValueSpecification","valueRequired":true,"valueName":"search_term_string"}}],"inLanguage":"es"},{"@type":"Organization","@id":"https:\/\/bydr.cl\/ingenieria-construccion\/#organization","name":"Burboa & Del R\u00edo Ingenier\u00eda y Construcci\u00f3n SpA","url":"https:\/\/bydr.cl\/ingenieria-construccion\/","logo":{"@type":"ImageObject","inLanguage":"es","@id":"https:\/\/bydr.cl\/ingenieria-construccion\/#\/schema\/logo\/image\/","url":"https:\/\/bydr.cl\/ingenieria-construccion\/wp-content\/uploads\/2024\/08\/burboaydelrio-logotipo.png","contentUrl":"https:\/\/bydr.cl\/ingenieria-construccion\/wp-content\/uploads\/2024\/08\/burboaydelrio-logotipo.png","width":700,"height":271,"caption":"Burboa & Del R\u00edo Ingenier\u00eda y Construcci\u00f3n SpA"},"image":{"@id":"https:\/\/bydr.cl\/ingenieria-construccion\/#\/schema\/logo\/image\/"}}]}},"uagb_featured_image_src":{"full":false,"thumbnail":false,"medium":false,"medium_large":false,"large":false,"1536x1536":false,"2048x2048":false},"uagb_author_info":{"display_name":"admin","author_link":"https:\/\/bydr.cl\/ingenieria-construccion\/author\/burboadelrioseo\/"},"uagb_comment_info":0,"uagb_excerpt":"Nosotros Burboa y Del R\u00edo Ingenier\u00eda y Construcci\u00f3n SpA \u00a1Construimos Tu Futuro con Excelencia y Dedicaci\u00f3n! Dise\u00f1o Personalizado y Planificaci\u00f3n Detallada En Burboa y Del R\u00edo Ingenier\u00eda y Construcci\u00f3n, sabemos que tanto las oficinas como los locales comerciales son mucho m\u00e1s que simples espacios; son una extensi\u00f3n directa de la identidad de tu empresa. Un&hellip;","_links":{"self":[{"href":"https:\/\/bydr.cl\/ingenieria-construccion\/wp-json\/wp\/v2\/pages\/11","targetHints":{"allow":["GET"]}}],"collection":[{"href":"https:\/\/bydr.cl\/ingenieria-construccion\/wp-json\/wp\/v2\/pages"}],"about":[{"href":"https:\/\/bydr.cl\/ingenieria-construccion\/wp-json\/wp\/v2\/types\/page"}],"author":[{"embeddable":true,"href":"https:\/\/bydr.cl\/ingenieria-construccion\/wp-json\/wp\/v2\/users\/1"}],"replies":[{"embeddable":true,"href":"https:\/\/bydr.cl\/ingenieria-construccion\/wp-json\/wp\/v2\/comments?post=11"}],"version-history":[{"count":5,"href":"https:\/\/bydr.cl\/ingenieria-construccion\/wp-json\/wp\/v2\/pages\/11\/revisions"}],"predecessor-version":[{"id":760,"href":"https:\/\/bydr.cl\/ingenieria-construccion\/wp-json\/wp\/v2\/pages\/11\/revisions\/760"}],"wp:attachment":[{"href":"https:\/\/bydr.cl\/ingenieria-construccion\/wp-json\/wp\/v2\/media?parent=11"}],"curies":[{"name":"wp","href":"https:\/\/api.w.org\/{rel}","templated":true}]}}