{"id":13,"date":"2024-08-12T22:35:22","date_gmt":"2024-08-12T22:35:22","guid":{"rendered":"https:\/\/bydr.cl\/ingenieria-construccion\/index.php\/contact\/"},"modified":"2024-10-31T19:42:42","modified_gmt":"2024-10-31T19:42:42","slug":"contacto","status":"publish","type":"page","link":"https:\/\/bydr.cl\/ingenieria-construccion\/contacto\/","title":{"rendered":"Contacto"},"content":{"rendered":"\n<div class=\"wp-block-uagb-container uagb-block-ddbe5c65 alignfull uagb-is-root-container\"><div class=\"uagb-container-inner-blocks-wrap\">\n<div class=\"wp-block-uagb-advanced-heading uagb-block-fa4e7c56\"><h1 class=\"uagb-heading-text\">Cont\u00e1ctenos<\/h1><p class=\"uagb-desc-text\"><strong>En Burboa y Del R\u00edo Ingenier\u00eda y Construcci\u00f3n,<\/strong> estamos aqu\u00ed para ayudarte con todos tus proyectos de construcci\u00f3n y remodelaci\u00f3n. Ya sea que necesites una consulta, un presupuesto personalizado o simplemente resolver alguna duda, nuestro equipo de expertos est\u00e1 a tu disposici\u00f3n. <strong>\u00a1Cont\u00e1ctanos hoy mismo y comienza a transformar tus ideas en realidad!<\/strong><\/p><\/div>\n<\/div><\/div>\n\n\n\n<div class=\"wp-block-columns is-layout-flex wp-container-core-columns-is-layout-cd6a0e38 wp-block-columns-is-layout-flex\" style=\"padding-bottom:0\">\n<div class=\"wp-block-column is-layout-flow wp-block-column-is-layout-flow\">\n<p class=\"has-text-align-center\" style=\"font-size:25px\">Puedes enviarnos un mensaje a trav\u00e9s del formulario a continuaci\u00f3n.<strong> <\/strong><br><strong>\u00a1Esperamos trabajar contigo!<\/strong><\/p>\n\n\n\n<div class=\"wp-block-uagb-forms uagb-forms__outer-wrap uagb-block-8ca54739 uagb-forms__medium-btn\"><form class=\"uagb-forms-main-form\" method=\"post\" autocomplete=\"on\" name=\"uagb-form-8ca54739\">\n<div class=\"wp-block-uagb-forms-name uagb-forms-name-wrap uagb-forms-field-set uagb-block-1536d352\"><div class=\"uagb-forms-name-label required uagb-forms-input-label\" id=\"1536d352\">Nombre<\/div><input type=\"text\" placeholder=\"Juan\" required class=\"uagb-forms-name-input uagb-forms-input\" name=\"1536d352\" autocomplete=\"given-name\"\/><\/div>\n\n\n\n<div class=\"wp-block-uagb-forms-name uagb-forms-name-wrap uagb-forms-field-set uagb-block-ed0a5a76\"><div class=\"uagb-forms-name-label required uagb-forms-input-label\" id=\"ed0a5a76\">Apellidos<\/div><input type=\"text\" placeholder=\"Nadie\" required class=\"uagb-forms-name-input uagb-forms-input\" name=\"ed0a5a76\" autocomplete=\"family-name\"\/><\/div>\n\n\n\n<div class=\"wp-block-uagb-forms-email uagb-forms-email-wrap uagb-forms-field-set uagb-block-c07a11f0\"><div class=\"uagb-forms-email-label required uagb-forms-input-label\" id=\"c07a11f0\">Correo electr\u00f3nico<\/div><input type=\"email\" class=\"uagb-forms-email-input uagb-forms-input\" placeholder=\"ejemplo@correo.cl\" required name=\"c07a11f0\" autocomplete=\"email\"\/><\/div>\n\n\n\n<div class=\"wp-block-uagb-forms-textarea uagb-forms-textarea-wrap uagb-forms-field-set uagb-block-ad6946ef\"><div class=\"uagb-forms-textarea-label required uagb-forms-input-label\" id=\"ad6946ef\">Mensaje<\/div><textarea required class=\"uagb-forms-textarea-input uagb-forms-input\" rows=\"4\" placeholder=\"Introduce tu mensaje\" name=\"ad6946ef\" autocomplete=\"off\"><\/textarea><\/div>\n<div class=\"uagb-forms-form-hidden-data\"><input type=\"hidden\" class=\"uagb_forms_form_label\" value=\"Spectra Form\"\/><input type=\"hidden\" class=\"uagb_forms_form_id\" value=\"uagb-form-8ca54739\"\/><\/div><div class=\"uagb-form-reacaptcha-error-8ca54739\"><\/div><div class=\"uagb-forms-main-submit-button-wrap wp-block-button\"><button class=\"uagb-forms-main-submit-button wp-block-button__link\"><div class=\"uagb-forms-main-submit-button-text\">Submit<\/div><\/button><\/div><\/form><div class=\"uagb-forms-success-message-8ca54739 uagb-forms-submit-message-hide\"><span>\u00a1El formulario ha sido enviado correctamente! A la brevedad nos pondremos en contacto!!<\/span><\/div><div class=\"uagb-forms-failed-message-8ca54739 uagb-forms-submit-message-hide\"><span>There has been some error while submitting the form. Please verify all form fields again.<\/span><\/div><\/div>\n<\/div>\n<\/div>\n\n\n\n<div class=\"wp-block-columns is-layout-flex wp-container-core-columns-is-layout-ffa6a9ef wp-block-columns-is-layout-flex\" style=\"margin-top:0;margin-bottom:0;padding-top:var(--wp--preset--spacing--60);padding-bottom:var(--wp--preset--spacing--60)\">\n<div class=\"wp-block-column is-layout-flow wp-block-column-is-layout-flow\">\n<div class=\"wp-block-group alignfull is-content-justification-space-between is-layout-flex wp-container-core-group-is-layout-c9bb191f wp-block-group-is-layout-flex\" style=\"margin-top:0;margin-bottom:0;padding-top:0;padding-right:var(--wp--preset--spacing--30);padding-bottom:0;padding-left:var(--wp--preset--spacing--30)\">\n<div class=\"wp-block-group wp-container-content-9cfa9a5a is-vertical is-layout-flex wp-container-core-group-is-layout-5ca53805 wp-block-group-is-layout-flex\" style=\"padding-top:0;padding-bottom:0\"><h1 class=\"wp-block-site-title has-medium-font-size\"><a href=\"https:\/\/bydr.cl\/ingenieria-construccion\" target=\"_self\" rel=\"home\">Burboa &amp; Del R\u00edo Ingenier\u00eda y Construcci\u00f3n SpA<\/a><\/h1>\n\n\n<p class=\"has-text-align-left\">Avenida Sucre #2680, \u00d1u\u00f1oa, Santiago, <br>Regi\u00f3n Metropolitana.<\/p>\n\n\n\n<p class=\"has-text-align-left\" style=\"padding-top:0;padding-bottom:var(--wp--preset--spacing--20)\">\u2981 \u00c1lvaro Burboa <strong><a href=\"tel:+56977579475\">+56 9 7757 9475<\/a><\/strong><br>\u2981 Arturo Del R\u00edo <strong><a href=\"tel:+56976675891\">+56 9 7667 5891<\/a><\/strong><\/p>\n\n\n\n<p class=\"has-text-align-left\"><strong><a href=\"mailto:contacto@bydr.cl\">contacto@bydr.cl<\/a><\/strong><\/p>\n\n\n\n<p class=\"has-text-align-left\"><br><\/p>\n\n\n\n<div style=\"height:0px\" aria-hidden=\"true\" class=\"wp-block-spacer wp-container-content-541a6b20\"><\/div>\n<\/div>\n<\/div>\n<\/div>\n\n\n\n<div class=\"wp-block-column is-layout-flow wp-block-column-is-layout-flow\" style=\"padding-bottom:0\">\n<iframe src=\"https:\/\/www.google.com\/maps\/embed?pb=!1m14!1m8!1m3!1d13316.168196599017!2d-70.603125!3d-33.448211!3m2!1i1024!2i768!4f13.1!3m3!1m2!1s0x9662cf99f01c3e27%3A0x238ba0bd90b10d3e!2sAv.%20Sucre%202680%2C%207770088%20%C3%91u%C3%B1oa%2C%20Regi%C3%B3n%20Metropolitana!5e0!3m2!1ses-419!2scl!4v1724176052009!5m2!1ses-419!2scl\" width=\"600\" height=\"450\" style=\"border:0;\" allowfullscreen=\"\" loading=\"lazy\" referrerpolicy=\"no-referrer-when-downgrade\"><\/iframe>\n<\/div>\n<\/div>\n","protected":false},"excerpt":{"rendered":"<p>Cont\u00e1ctenos En Burboa y Del R\u00edo Ingenier\u00eda y Construcci\u00f3n, estamos aqu\u00ed para ayudarte con todos tus proyectos de construcci\u00f3n y remodelaci\u00f3n. Ya sea que necesites una consulta, un presupuesto personalizado o simplemente resolver alguna duda, nuestro equipo de expertos est\u00e1 a tu disposici\u00f3n. \u00a1Cont\u00e1ctanos hoy mismo y comienza a transformar tus ideas en realidad! Puedes [&hellip;]<\/p>\n","protected":false},"author":1,"featured_media":0,"parent":0,"menu_order":0,"comment_status":"closed","ping_status":"closed","template":"","meta":{"_uag_custom_page_level_css":"","site-sidebar-layout":"no-sidebar","site-content-layout":"plain-container","ast-site-content-layout":"normal-width-container","site-content-style":"unboxed","site-sidebar-style":"unboxed","ast-global-header-display":"","ast-banner-title-visibility":"","ast-main-header-display":"","ast-hfb-above-header-display":"","ast-hfb-below-header-display":"","ast-hfb-mobile-header-display":"","site-post-title":"disabled","ast-breadcrumbs-content":"","ast-featured-img":"","footer-sml-layout":"","theme-transparent-header-meta":"enabled","adv-header-id-meta":"","stick-header-meta":"","header-above-stick-meta":"","header-main-stick-meta":"","header-below-stick-meta":"","astra-migrate-meta-layouts":"set","ast-page-background-enabled":"default","ast-page-background-meta":{"desktop":{"background-color":"var(--ast-global-color-4)","background-image":"","background-repeat":"repeat","background-position":"center center","background-size":"auto","background-attachment":"scroll","background-type":"","background-media":"","overlay-type":"","overlay-color":"","overlay-opacity":"","overlay-gradient":""},"tablet":{"background-color":"","background-image":"","background-repeat":"repeat","background-position":"center center","background-size":"auto","background-attachment":"scroll","background-type":"","background-media":"","overlay-type":"","overlay-color":"","overlay-opacity":"","overlay-gradient":""},"mobile":{"background-color":"","background-image":"","background-repeat":"repeat","background-position":"center center","background-size":"auto","background-attachment":"scroll","background-type":"","background-media":"","overlay-type":"","overlay-color":"","overlay-opacity":"","overlay-gradient":""}},"ast-content-background-meta":{"desktop":{"background-color":"var(--ast-global-color-5)","background-image":"","background-repeat":"repeat","background-position":"center center","background-size":"auto","background-attachment":"scroll","background-type":"","background-media":"","overlay-type":"","overlay-color":"","overlay-opacity":"","overlay-gradient":""},"tablet":{"background-color":"var(--ast-global-color-5)","background-image":"","background-repeat":"repeat","background-position":"center center","background-size":"auto","background-attachment":"scroll","background-type":"","background-media":"","overlay-type":"","overlay-color":"","overlay-opacity":"","overlay-gradient":""},"mobile":{"background-color":"var(--ast-global-color-5)","background-image":"","background-repeat":"repeat","background-position":"center center","background-size":"auto","background-attachment":"scroll","background-type":"","background-media":"","overlay-type":"","overlay-color":"","overlay-opacity":"","overlay-gradient":""}},"footnotes":""},"class_list":["post-13","page","type-page","status-publish","hentry"],"yoast_head":"<!-- This site is optimized with the Yoast SEO plugin v27.3 - https:\/\/yoast.com\/product\/yoast-seo-wordpress\/ -->\n<title>Contacto - Burboa &amp; Del R\u00edo Ingenier\u00eda y Construcci\u00f3n SpA<\/title>\n<meta name=\"robots\" content=\"index, follow, max-snippet:-1, max-image-preview:large, max-video-preview:-1\" \/>\n<link rel=\"canonical\" href=\"https:\/\/bydr.cl\/ingenieria-construccion\/contacto\/\" \/>\n<meta property=\"og:locale\" content=\"es_ES\" \/>\n<meta property=\"og:type\" content=\"article\" \/>\n<meta property=\"og:title\" content=\"Contacto - Burboa &amp; Del R\u00edo Ingenier\u00eda y Construcci\u00f3n SpA\" \/>\n<meta property=\"og:description\" content=\"Cont\u00e1ctenos En Burboa y Del R\u00edo Ingenier\u00eda y Construcci\u00f3n, estamos aqu\u00ed para ayudarte con todos tus proyectos de construcci\u00f3n y remodelaci\u00f3n. Ya sea que necesites una consulta, un presupuesto personalizado o simplemente resolver alguna duda, nuestro equipo de expertos est\u00e1 a tu disposici\u00f3n. \u00a1Cont\u00e1ctanos hoy mismo y comienza a transformar tus ideas en realidad! Puedes [&hellip;]\" \/>\n<meta property=\"og:url\" content=\"https:\/\/bydr.cl\/ingenieria-construccion\/contacto\/\" \/>\n<meta property=\"og:site_name\" content=\"Burboa &amp; Del R\u00edo Ingenier\u00eda y Construcci\u00f3n SpA\" \/>\n<meta property=\"article:modified_time\" content=\"2024-10-31T19:42:42+00:00\" \/>\n<meta name=\"twitter:card\" content=\"summary_large_image\" \/>\n<meta name=\"twitter:label1\" content=\"Tiempo de lectura\" \/>\n\t<meta name=\"twitter:data1\" content=\"1 minuto\" \/>\n<script type=\"application\/ld+json\" class=\"yoast-schema-graph\">{\"@context\":\"https:\\\/\\\/schema.org\",\"@graph\":[{\"@type\":\"WebPage\",\"@id\":\"https:\\\/\\\/bydr.cl\\\/ingenieria-construccion\\\/contacto\\\/\",\"url\":\"https:\\\/\\\/bydr.cl\\\/ingenieria-construccion\\\/contacto\\\/\",\"name\":\"Contacto - Burboa &amp; Del R\u00edo Ingenier\u00eda y Construcci\u00f3n SpA\",\"isPartOf\":{\"@id\":\"https:\\\/\\\/bydr.cl\\\/ingenieria-construccion\\\/#website\"},\"datePublished\":\"2024-08-12T22:35:22+00:00\",\"dateModified\":\"2024-10-31T19:42:42+00:00\",\"breadcrumb\":{\"@id\":\"https:\\\/\\\/bydr.cl\\\/ingenieria-construccion\\\/contacto\\\/#breadcrumb\"},\"inLanguage\":\"es\",\"potentialAction\":[{\"@type\":\"ReadAction\",\"target\":[\"https:\\\/\\\/bydr.cl\\\/ingenieria-construccion\\\/contacto\\\/\"]}]},{\"@type\":\"BreadcrumbList\",\"@id\":\"https:\\\/\\\/bydr.cl\\\/ingenieria-construccion\\\/contacto\\\/#breadcrumb\",\"itemListElement\":[{\"@type\":\"ListItem\",\"position\":1,\"name\":\"Portada\",\"item\":\"https:\\\/\\\/bydr.cl\\\/ingenieria-construccion\\\/\"},{\"@type\":\"ListItem\",\"position\":2,\"name\":\"Contacto\"}]},{\"@type\":\"WebSite\",\"@id\":\"https:\\\/\\\/bydr.cl\\\/ingenieria-construccion\\\/#website\",\"url\":\"https:\\\/\\\/bydr.cl\\\/ingenieria-construccion\\\/\",\"name\":\"Burboa & Del R\u00edo Ingenier\u00eda y Construcci\u00f3n SpA\",\"description\":\"\",\"publisher\":{\"@id\":\"https:\\\/\\\/bydr.cl\\\/ingenieria-construccion\\\/#organization\"},\"potentialAction\":[{\"@type\":\"SearchAction\",\"target\":{\"@type\":\"EntryPoint\",\"urlTemplate\":\"https:\\\/\\\/bydr.cl\\\/ingenieria-construccion\\\/?s={search_term_string}\"},\"query-input\":{\"@type\":\"PropertyValueSpecification\",\"valueRequired\":true,\"valueName\":\"search_term_string\"}}],\"inLanguage\":\"es\"},{\"@type\":\"Organization\",\"@id\":\"https:\\\/\\\/bydr.cl\\\/ingenieria-construccion\\\/#organization\",\"name\":\"Burboa & Del R\u00edo Ingenier\u00eda y Construcci\u00f3n SpA\",\"url\":\"https:\\\/\\\/bydr.cl\\\/ingenieria-construccion\\\/\",\"logo\":{\"@type\":\"ImageObject\",\"inLanguage\":\"es\",\"@id\":\"https:\\\/\\\/bydr.cl\\\/ingenieria-construccion\\\/#\\\/schema\\\/logo\\\/image\\\/\",\"url\":\"https:\\\/\\\/bydr.cl\\\/ingenieria-construccion\\\/wp-content\\\/uploads\\\/2024\\\/08\\\/burboaydelrio-logotipo.png\",\"contentUrl\":\"https:\\\/\\\/bydr.cl\\\/ingenieria-construccion\\\/wp-content\\\/uploads\\\/2024\\\/08\\\/burboaydelrio-logotipo.png\",\"width\":700,\"height\":271,\"caption\":\"Burboa & Del R\u00edo Ingenier\u00eda y Construcci\u00f3n SpA\"},\"image\":{\"@id\":\"https:\\\/\\\/bydr.cl\\\/ingenieria-construccion\\\/#\\\/schema\\\/logo\\\/image\\\/\"}}]}<\/script>\n<!-- \/ Yoast SEO plugin. -->","yoast_head_json":{"title":"Contacto - Burboa &amp; Del R\u00edo Ingenier\u00eda y Construcci\u00f3n SpA","robots":{"index":"index","follow":"follow","max-snippet":"max-snippet:-1","max-image-preview":"max-image-preview:large","max-video-preview":"max-video-preview:-1"},"canonical":"https:\/\/bydr.cl\/ingenieria-construccion\/contacto\/","og_locale":"es_ES","og_type":"article","og_title":"Contacto - Burboa &amp; Del R\u00edo Ingenier\u00eda y Construcci\u00f3n SpA","og_description":"Cont\u00e1ctenos En Burboa y Del R\u00edo Ingenier\u00eda y Construcci\u00f3n, estamos aqu\u00ed para ayudarte con todos tus proyectos de construcci\u00f3n y remodelaci\u00f3n. Ya sea que necesites una consulta, un presupuesto personalizado o simplemente resolver alguna duda, nuestro equipo de expertos est\u00e1 a tu disposici\u00f3n. \u00a1Cont\u00e1ctanos hoy mismo y comienza a transformar tus ideas en realidad! Puedes [&hellip;]","og_url":"https:\/\/bydr.cl\/ingenieria-construccion\/contacto\/","og_site_name":"Burboa &amp; Del R\u00edo Ingenier\u00eda y Construcci\u00f3n SpA","article_modified_time":"2024-10-31T19:42:42+00:00","twitter_card":"summary_large_image","twitter_misc":{"Tiempo de lectura":"1 minuto"},"schema":{"@context":"https:\/\/schema.org","@graph":[{"@type":"WebPage","@id":"https:\/\/bydr.cl\/ingenieria-construccion\/contacto\/","url":"https:\/\/bydr.cl\/ingenieria-construccion\/contacto\/","name":"Contacto - Burboa &amp; Del R\u00edo Ingenier\u00eda y Construcci\u00f3n SpA","isPartOf":{"@id":"https:\/\/bydr.cl\/ingenieria-construccion\/#website"},"datePublished":"2024-08-12T22:35:22+00:00","dateModified":"2024-10-31T19:42:42+00:00","breadcrumb":{"@id":"https:\/\/bydr.cl\/ingenieria-construccion\/contacto\/#breadcrumb"},"inLanguage":"es","potentialAction":[{"@type":"ReadAction","target":["https:\/\/bydr.cl\/ingenieria-construccion\/contacto\/"]}]},{"@type":"BreadcrumbList","@id":"https:\/\/bydr.cl\/ingenieria-construccion\/contacto\/#breadcrumb","itemListElement":[{"@type":"ListItem","position":1,"name":"Portada","item":"https:\/\/bydr.cl\/ingenieria-construccion\/"},{"@type":"ListItem","position":2,"name":"Contacto"}]},{"@type":"WebSite","@id":"https:\/\/bydr.cl\/ingenieria-construccion\/#website","url":"https:\/\/bydr.cl\/ingenieria-construccion\/","name":"Burboa & Del R\u00edo Ingenier\u00eda y Construcci\u00f3n SpA","description":"","publisher":{"@id":"https:\/\/bydr.cl\/ingenieria-construccion\/#organization"},"potentialAction":[{"@type":"SearchAction","target":{"@type":"EntryPoint","urlTemplate":"https:\/\/bydr.cl\/ingenieria-construccion\/?s={search_term_string}"},"query-input":{"@type":"PropertyValueSpecification","valueRequired":true,"valueName":"search_term_string"}}],"inLanguage":"es"},{"@type":"Organization","@id":"https:\/\/bydr.cl\/ingenieria-construccion\/#organization","name":"Burboa & Del R\u00edo Ingenier\u00eda y Construcci\u00f3n SpA","url":"https:\/\/bydr.cl\/ingenieria-construccion\/","logo":{"@type":"ImageObject","inLanguage":"es","@id":"https:\/\/bydr.cl\/ingenieria-construccion\/#\/schema\/logo\/image\/","url":"https:\/\/bydr.cl\/ingenieria-construccion\/wp-content\/uploads\/2024\/08\/burboaydelrio-logotipo.png","contentUrl":"https:\/\/bydr.cl\/ingenieria-construccion\/wp-content\/uploads\/2024\/08\/burboaydelrio-logotipo.png","width":700,"height":271,"caption":"Burboa & Del R\u00edo Ingenier\u00eda y Construcci\u00f3n SpA"},"image":{"@id":"https:\/\/bydr.cl\/ingenieria-construccion\/#\/schema\/logo\/image\/"}}]}},"uagb_featured_image_src":{"full":false,"thumbnail":false,"medium":false,"medium_large":false,"large":false,"1536x1536":false,"2048x2048":false},"uagb_author_info":{"display_name":"admin","author_link":"https:\/\/bydr.cl\/ingenieria-construccion\/author\/burboadelrioseo\/"},"uagb_comment_info":0,"uagb_excerpt":"Cont\u00e1ctenos En Burboa y Del R\u00edo Ingenier\u00eda y Construcci\u00f3n, estamos aqu\u00ed para ayudarte con todos tus proyectos de construcci\u00f3n y remodelaci\u00f3n. Ya sea que necesites una consulta, un presupuesto personalizado o simplemente resolver alguna duda, nuestro equipo de expertos est\u00e1 a tu disposici\u00f3n. \u00a1Cont\u00e1ctanos hoy mismo y comienza a transformar tus ideas en realidad! Puedes&hellip;","_links":{"self":[{"href":"https:\/\/bydr.cl\/ingenieria-construccion\/wp-json\/wp\/v2\/pages\/13","targetHints":{"allow":["GET"]}}],"collection":[{"href":"https:\/\/bydr.cl\/ingenieria-construccion\/wp-json\/wp\/v2\/pages"}],"about":[{"href":"https:\/\/bydr.cl\/ingenieria-construccion\/wp-json\/wp\/v2\/types\/page"}],"author":[{"embeddable":true,"href":"https:\/\/bydr.cl\/ingenieria-construccion\/wp-json\/wp\/v2\/users\/1"}],"replies":[{"embeddable":true,"href":"https:\/\/bydr.cl\/ingenieria-construccion\/wp-json\/wp\/v2\/comments?post=13"}],"version-history":[{"count":16,"href":"https:\/\/bydr.cl\/ingenieria-construccion\/wp-json\/wp\/v2\/pages\/13\/revisions"}],"predecessor-version":[{"id":788,"href":"https:\/\/bydr.cl\/ingenieria-construccion\/wp-json\/wp\/v2\/pages\/13\/revisions\/788"}],"wp:attachment":[{"href":"https:\/\/bydr.cl\/ingenieria-construccion\/wp-json\/wp\/v2\/media?parent=13"}],"curies":[{"name":"wp","href":"https:\/\/api.w.org\/{rel}","templated":true}]}}